{"id":5517,"date":"2025-05-22T16:39:36","date_gmt":"2025-05-22T19:39:36","guid":{"rendered":"https:\/\/isfd11-bue.infd.edu.ar\/sitio\/?page_id=5517"},"modified":"2025-10-18T22:03:28","modified_gmt":"2025-10-19T01:03:28","slug":"novedades","status":"publish","type":"page","link":"https:\/\/isfd11-bue.infd.edu.ar\/sitio\/novedades\/","title":{"rendered":"NOVEDADES"},"content":{"rendered":"\n<p class=\"has-base-3-color has-accent-background-color has-text-color has-background\">18 de agosto de 2025<\/p>\n\n\n\n<div class=\"wp-block-group is-layout-constrained\"><div class=\"wp-block-group__inner-container\">\n<div class=\"wp-block-columns is-layout-flex wp-container-2\">\n<div class=\"wp-block-column is-layout-flow\" style=\"flex-basis:100%\">\n<figure class=\"wp-block-image size-full is-resized\"><img decoding=\"async\" loading=\"lazy\" src=\"https:\/\/isfd11-bue.infd.edu.ar\/sitio\/wp-content\/uploads\/2025\/10\/expo-11.jpeg\" alt=\"\" class=\"wp-image-5923\" width=\"573\" height=\"812\" srcset=\"https:\/\/isfd11-bue.infd.edu.ar\/sitio\/wp-content\/uploads\/2025\/10\/expo-11.jpeg 904w, https:\/\/isfd11-bue.infd.edu.ar\/sitio\/wp-content\/uploads\/2025\/10\/expo-11-706x1000.jpeg 706w, https:\/\/isfd11-bue.infd.edu.ar\/sitio\/wp-content\/uploads\/2025\/10\/expo-11-768x1087.jpeg 768w\" sizes=\"(max-width: 573px) 100vw, 573px\" \/><\/figure>\n<\/div>\n<\/div>\n\n\n\n<figure class=\"wp-block-image size-full is-resized\"><img decoding=\"async\" loading=\"lazy\" src=\"https:\/\/isfd11-bue.infd.edu.ar\/sitio\/wp-content\/uploads\/2025\/10\/pre-insc.jpeg\" alt=\"\" class=\"wp-image-5924\" width=\"581\" height=\"726\" srcset=\"https:\/\/isfd11-bue.infd.edu.ar\/sitio\/wp-content\/uploads\/2025\/10\/pre-insc.jpeg 1024w, https:\/\/isfd11-bue.infd.edu.ar\/sitio\/wp-content\/uploads\/2025\/10\/pre-insc-800x1000.jpeg 800w, https:\/\/isfd11-bue.infd.edu.ar\/sitio\/wp-content\/uploads\/2025\/10\/pre-insc-768x960.jpeg 768w\" sizes=\"(max-width: 581px) 100vw, 581px\" \/><\/figure>\n<\/div><\/div>\n\n\n\n<p class=\"has-base-3-color has-accent-background-color has-text-color has-background\"><strong>27 de agosto de 2025<\/strong><\/p>\n\n\n\n<p>Los y las estudiantes de 4\u00ba2\u00aa del Profesorado de Educaci\u00f3n Primaria asistieron al Congreso de Educaci\u00f3n de Almirante Brown y participaron de la la conferencia de la Dra. Dora Barrancos en el marco de la c\u00e1tedra PEDAGOGIA CRITICA DE LAS DIFERENCIAS con la Prof. Parody.<\/p>\n\n\n<div class=\"wp-block-image\">\n<figure class=\"aligncenter size-full is-resized\"><img decoding=\"async\" loading=\"lazy\" src=\"https:\/\/isfd11-bue.infd.edu.ar\/sitio\/wp-content\/uploads\/2025\/08\/PARODY-2.jpeg\" alt=\"\" class=\"wp-image-5741\" width=\"548\" height=\"411\" srcset=\"https:\/\/isfd11-bue.infd.edu.ar\/sitio\/wp-content\/uploads\/2025\/08\/PARODY-2.jpeg 1600w, https:\/\/isfd11-bue.infd.edu.ar\/sitio\/wp-content\/uploads\/2025\/08\/PARODY-2-1000x750.jpeg 1000w, https:\/\/isfd11-bue.infd.edu.ar\/sitio\/wp-content\/uploads\/2025\/08\/PARODY-2-768x576.jpeg 768w, https:\/\/isfd11-bue.infd.edu.ar\/sitio\/wp-content\/uploads\/2025\/08\/PARODY-2-1536x1152.jpeg 1536w\" sizes=\"(max-width: 548px) 100vw, 548px\" \/><\/figure><\/div>\n\n\n<p class=\"has-base-3-color has-accent-background-color has-text-color has-background\"><strong>26 DE AGOSTO DE<\/strong> <strong>2025<\/strong><\/p>\n\n\n\n<p>El mi\u00e9rcoles 26 de agosto los y las estudiantes del Profesorado de Educaci\u00f3n Primaria hicieron visitaron el Planetario Galileo Galilei de la Ciudad de Buenos Aires con los\/as Prof. Zanaboni, Mora y El\u00edas. Una experiencia enriquecedora e inolvidable.<\/p>\n\n\n<div class=\"wp-block-image\">\n<figure class=\"aligncenter size-full is-resized\"><img decoding=\"async\" loading=\"lazy\" src=\"https:\/\/isfd11-bue.infd.edu.ar\/sitio\/wp-content\/uploads\/2025\/08\/PLANETARIO-III.jpeg\" alt=\"\" class=\"wp-image-5734\" width=\"709\" height=\"532\"\/><\/figure><\/div>\n\n\n<p class=\"has-base-3-color has-accent-background-color has-text-color has-background\"><strong>23 de agosto de 2025<\/strong><\/p>\n\n\n\n<figure class=\"wp-block-gallery has-nested-images columns-default is-cropped wp-block-gallery-4 is-layout-flex\">\n<figure class=\"wp-block-image size-large\"><img decoding=\"async\" loading=\"lazy\" width=\"1280\" height=\"576\" data-id=\"5717\"  src=\"https:\/\/isfd11-bue.infd.edu.ar\/sitio\/wp-content\/uploads\/2025\/08\/TRPTICO-1.jpeg\" alt=\"\" class=\"wp-image-5717\" srcset=\"https:\/\/isfd11-bue.infd.edu.ar\/sitio\/wp-content\/uploads\/2025\/08\/TRPTICO-1.jpeg 1280w, https:\/\/isfd11-bue.infd.edu.ar\/sitio\/wp-content\/uploads\/2025\/08\/TRPTICO-1-1000x450.jpeg 1000w, https:\/\/isfd11-bue.infd.edu.ar\/sitio\/wp-content\/uploads\/2025\/08\/TRPTICO-1-768x346.jpeg 768w\" sizes=\"(max-width: 1280px) 100vw, 1280px\" \/><\/figure>\n\n\n\n<figure class=\"wp-block-image size-large\"><img decoding=\"async\" loading=\"lazy\" width=\"1519\" height=\"1063\" data-id=\"5718\"  src=\"https:\/\/isfd11-bue.infd.edu.ar\/sitio\/wp-content\/uploads\/2025\/08\/TRIP-2.jpeg\" alt=\"\" class=\"wp-image-5718\" srcset=\"https:\/\/isfd11-bue.infd.edu.ar\/sitio\/wp-content\/uploads\/2025\/08\/TRIP-2.jpeg 1519w, https:\/\/isfd11-bue.infd.edu.ar\/sitio\/wp-content\/uploads\/2025\/08\/TRIP-2-1000x700.jpeg 1000w, https:\/\/isfd11-bue.infd.edu.ar\/sitio\/wp-content\/uploads\/2025\/08\/TRIP-2-768x537.jpeg 768w\" sizes=\"(max-width: 1519px) 100vw, 1519px\" \/><\/figure>\n<\/figure>\n\n\n\n<p>TR\u00cdPTICO DE LA INFANCIA &#8211; ROSARIO<\/p>\n\n\n\n<p>El s\u00e1bado pasado, alrededor de 120 estudiantes y docentes de nuestro Instituto vivieron una jornada muy especial en el Tr\u00edptico de la Infancia en Rosario. Visitaron y experimentaron actividades en tres puntos de encuentro en la ciudad, dedicados al juego y la convivencia entre chicos y grandes. Se trata de un proyecto de acci\u00f3n y transformaci\u00f3n social a partir de las infancias para llegar a toda la ciudadan\u00eda. Con una fuerte impronta est\u00e9tica y po\u00e9tica, convocando al juego, la imaginaci\u00f3n y los m\u00faltiples lenguajes se crean estos territorios de aprendizajes y disfrute para todas las edades. <\/p>\n\n\n\n<figure class=\"wp-block-gallery has-nested-images columns-default is-cropped wp-block-gallery-6 is-layout-flex\">\n<figure class=\"wp-block-image size-large\"><img decoding=\"async\" loading=\"lazy\" width=\"1272\" height=\"1600\" data-id=\"5719\"  src=\"https:\/\/isfd11-bue.infd.edu.ar\/sitio\/wp-content\/uploads\/2025\/08\/trip-3.jpeg\" alt=\"\" class=\"wp-image-5719\" srcset=\"https:\/\/isfd11-bue.infd.edu.ar\/sitio\/wp-content\/uploads\/2025\/08\/trip-3.jpeg 1272w, https:\/\/isfd11-bue.infd.edu.ar\/sitio\/wp-content\/uploads\/2025\/08\/trip-3-795x1000.jpeg 795w, https:\/\/isfd11-bue.infd.edu.ar\/sitio\/wp-content\/uploads\/2025\/08\/trip-3-768x966.jpeg 768w, https:\/\/isfd11-bue.infd.edu.ar\/sitio\/wp-content\/uploads\/2025\/08\/trip-3-1221x1536.jpeg 1221w\" sizes=\"(max-width: 1272px) 100vw, 1272px\" \/><\/figure>\n<\/figure>\n\n\n\n<p class=\"has-base-3-color has-accent-background-color has-text-color has-background\">12 de agosto de 2025<\/p>\n\n\n\n<p><\/p>\n\n\n\n<p><strong>Salida al Museo Bernasconi.<\/strong> <\/p>\n\n\n\n<p>Estudiantes de 4to 1ra, en el espacio del Ateneo de las Ciencias Naturales, visitaron  el museo Bernasconi, ubicado en parque Patricios, fue fundado en 1929 en la Ciudad de Buenos Aires, fue creado por el Consejo Nacional de Educaci\u00f3n como primer museo para la escuela primaria. La iniciativa fue impulsada por Rosario Vera Pe\u00f1aloza. Sus salas son una oportunidad valiosa para analizar c\u00f3mo el discurso pedag\u00f3gico se expresaba en el pasado y c\u00f3mo puede ser recuperado y resignificado, adecu\u00e1ndolo al presente.<\/p>\n\n\n\n<p><\/p>\n\n\n\n<p><\/p>\n\n\n\n<figure class=\"wp-block-gallery has-nested-images columns-default is-cropped wp-block-gallery-8 is-layout-flex\">\n<figure class=\"wp-block-image size-large\"><img decoding=\"async\" loading=\"lazy\" width=\"1280\" height=\"1600\" data-id=\"5703\"  src=\"https:\/\/isfd11-bue.infd.edu.ar\/sitio\/wp-content\/uploads\/2025\/08\/ZANABONI-1.jpeg\" alt=\"\" class=\"wp-image-5703\" srcset=\"https:\/\/isfd11-bue.infd.edu.ar\/sitio\/wp-content\/uploads\/2025\/08\/ZANABONI-1.jpeg 1280w, https:\/\/isfd11-bue.infd.edu.ar\/sitio\/wp-content\/uploads\/2025\/08\/ZANABONI-1-800x1000.jpeg 800w, https:\/\/isfd11-bue.infd.edu.ar\/sitio\/wp-content\/uploads\/2025\/08\/ZANABONI-1-768x960.jpeg 768w, https:\/\/isfd11-bue.infd.edu.ar\/sitio\/wp-content\/uploads\/2025\/08\/ZANABONI-1-1229x1536.jpeg 1229w\" sizes=\"(max-width: 1280px) 100vw, 1280px\" \/><\/figure>\n<\/figure>\n\n\n\n<p class=\"has-base-3-color has-accent-background-color has-text-color has-background\">10 DE JUNIO DE 2025<\/p>\n\n\n\n<p class=\"has-text-align-left\">COMPARTIMOS ALGUNAS INSTANT\u00c1NEAS DE LAS SALIDAS EDUCATIVAS REALIZADAS POR NUESTROS\/AS ESTUDIANTES CON SUS DOCENTES EN ESTOS \u00daLTIMOS D\u00cdAS:<\/p>\n\n\n\n<p>Nuestros\/as alumnos\/as de 1\u00ba a\u00f1o del Profesorado de Ciencia Pol\u00edtica y 3\u00ba a\u00f1o del Profesorado de Educaci\u00f3n Primaria visitaron el Museo Etnogr\u00e1fico acompa\u00f1ados de las Profesoras Daniela Alonso y Clara Yanacone.<\/p>\n\n\n<div class=\"wp-block-image\">\n<figure class=\"aligncenter size-full is-resized\"><img decoding=\"async\" loading=\"lazy\" src=\"https:\/\/isfd11-bue.infd.edu.ar\/sitio\/wp-content\/uploads\/2025\/06\/image-5.png\" alt=\"\" class=\"wp-image-5603\" width=\"544\" height=\"305\" srcset=\"https:\/\/isfd11-bue.infd.edu.ar\/sitio\/wp-content\/uploads\/2025\/06\/image-5.png 1280w, https:\/\/isfd11-bue.infd.edu.ar\/sitio\/wp-content\/uploads\/2025\/06\/image-5-1000x563.png 1000w, https:\/\/isfd11-bue.infd.edu.ar\/sitio\/wp-content\/uploads\/2025\/06\/image-5-768x432.png 768w\" sizes=\"(max-width: 544px) 100vw, 544px\" \/><\/figure><\/div>\n\n\n<p><\/p>\n\n\n\n<p>Las estudiantes del Profesorado de Educaci\u00f3n Inicial, de 3\u00ba1\u00aa y 3\u00ba 2\u00aa asistieron en el marco de la C\u00e1tedra de Educaci\u00f3n Musical (Prof Viviana Parody), al Concierto publico y gratuito de la Orquesta de Jazz de Avellaneda, en el Centro Cultural Mercado. En el predio recorrieron, adem\u00e1s, las instituciones de educaci\u00f3n art\u00edstica de dicho municipio como la IMMA Instituto Municipal de Musica de Avellaneda; Escuela de Fotograf\u00eda; Escuela de Danzas y la Sede de la UNDAV ( Universidad de Avellaneda).<\/p>\n\n\n<div class=\"wp-block-image\">\n<figure class=\"aligncenter size-full is-resized\"><img decoding=\"async\" loading=\"lazy\" src=\"https:\/\/isfd11-bue.infd.edu.ar\/sitio\/wp-content\/uploads\/2025\/06\/image-3.png\" alt=\"\" class=\"wp-image-5601\" width=\"406\" height=\"228\" srcset=\"https:\/\/isfd11-bue.infd.edu.ar\/sitio\/wp-content\/uploads\/2025\/06\/image-3.png 1599w, https:\/\/isfd11-bue.infd.edu.ar\/sitio\/wp-content\/uploads\/2025\/06\/image-3-1000x562.png 1000w, https:\/\/isfd11-bue.infd.edu.ar\/sitio\/wp-content\/uploads\/2025\/06\/image-3-768x432.png 768w, https:\/\/isfd11-bue.infd.edu.ar\/sitio\/wp-content\/uploads\/2025\/06\/image-3-1536x864.png 1536w\" sizes=\"(max-width: 406px) 100vw, 406px\" \/><\/figure><\/div>\n\n<div class=\"wp-block-image\">\n<figure class=\"aligncenter size-full is-resized\"><img decoding=\"async\" loading=\"lazy\" src=\"https:\/\/isfd11-bue.infd.edu.ar\/sitio\/wp-content\/uploads\/2025\/06\/image-4.png\" alt=\"\" class=\"wp-image-5602\" width=\"380\" height=\"214\" srcset=\"https:\/\/isfd11-bue.infd.edu.ar\/sitio\/wp-content\/uploads\/2025\/06\/image-4.png 1599w, https:\/\/isfd11-bue.infd.edu.ar\/sitio\/wp-content\/uploads\/2025\/06\/image-4-1000x562.png 1000w, https:\/\/isfd11-bue.infd.edu.ar\/sitio\/wp-content\/uploads\/2025\/06\/image-4-768x432.png 768w, https:\/\/isfd11-bue.infd.edu.ar\/sitio\/wp-content\/uploads\/2025\/06\/image-4-1536x864.png 1536w\" sizes=\"(max-width: 380px) 100vw, 380px\" \/><\/figure><\/div>\n\n\n<p>Los segundos a\u00f1os del Profesorado de Educaci\u00f3n Inicial realizaron una visita al Planetario Galileo Galilei. Luego de vivenciar el espect\u00e1culo Veo Veo orientado al nivel l, tuvieron una charla en relaci\u00f3n a diferentes recursos para llevar a la sala. Fue una hermosa y enriquecedora experiencia!!<\/p>\n\n\n<div class=\"wp-block-image\">\n<figure class=\"aligncenter size-full is-resized\"><img decoding=\"async\" loading=\"lazy\" src=\"https:\/\/isfd11-bue.infd.edu.ar\/sitio\/wp-content\/uploads\/2025\/06\/image-1.png\" alt=\"\" class=\"wp-image-5599\" width=\"396\" height=\"298\" srcset=\"https:\/\/isfd11-bue.infd.edu.ar\/sitio\/wp-content\/uploads\/2025\/06\/image-1.png 1280w, https:\/\/isfd11-bue.infd.edu.ar\/sitio\/wp-content\/uploads\/2025\/06\/image-1-1000x752.png 1000w, https:\/\/isfd11-bue.infd.edu.ar\/sitio\/wp-content\/uploads\/2025\/06\/image-1-768x578.png 768w\" sizes=\"(max-width: 396px) 100vw, 396px\" \/><\/figure><\/div>\n\n<div class=\"wp-block-image\">\n<figure class=\"aligncenter size-full is-resized\"><img decoding=\"async\" loading=\"lazy\" src=\"https:\/\/isfd11-bue.infd.edu.ar\/sitio\/wp-content\/uploads\/2025\/06\/image-2.png\" alt=\"\" class=\"wp-image-5600\" width=\"394\" height=\"296\" srcset=\"https:\/\/isfd11-bue.infd.edu.ar\/sitio\/wp-content\/uploads\/2025\/06\/image-2.png 1600w, https:\/\/isfd11-bue.infd.edu.ar\/sitio\/wp-content\/uploads\/2025\/06\/image-2-1000x753.png 1000w, https:\/\/isfd11-bue.infd.edu.ar\/sitio\/wp-content\/uploads\/2025\/06\/image-2-768x578.png 768w, https:\/\/isfd11-bue.infd.edu.ar\/sitio\/wp-content\/uploads\/2025\/06\/image-2-1536x1156.png 1536w\" sizes=\"(max-width: 394px) 100vw, 394px\" \/><\/figure><\/div>\n\n\n<p class=\"has-accent-color has-text-color has-background\" style=\"background-color:#0df14e\">TALLER DE ACOMPA\u00d1AMIENTO PARA DOCENTES EN FORMACI\u00d3N<\/p>\n\n\n\n<p>En el marco del CAMPO DE FORMACI\u00d3N EN LA PR\u00c1CTICA DOCENTE IV, la Prof. Sandra Vedani invita a los y las estudiantes de 4\u00ba a\u00f1o de los Profesorados de Educaci\u00f3n Secundaria a participar del pr\u00f3ximo taller.<\/p>\n\n\n<div class=\"wp-block-image\">\n<figure class=\"aligncenter size-full\"><img decoding=\"async\" loading=\"lazy\" width=\"654\" height=\"318\" src=\"https:\/\/isfd11-bue.infd.edu.ar\/sitio\/wp-content\/uploads\/2025\/06\/image.png\" alt=\"\" class=\"wp-image-5590\"\/><\/figure><\/div>\n\n\n<p><\/p>\n\n\n\n<p><\/p>\n\n\n\n<p><\/p>\n\n\n\n<p class=\"has-accent-color has-pale-ocean-gradient-background has-text-color has-background\"><strong>PROYECTO DE MEJORA INSTITUCIONAL<\/strong><\/p>\n\n\n\n<p><\/p>\n\n\n\n<p>Este a\u00f1o estamos continuamos trabajando para la mejora de nuestras Pr\u00e1cticas Docentes. En el marco del Proyecto de Mejora Institucional, compartimos un TAIN y tenemos muchas ideas para continuar. Les dejamos por<a href=\"https:\/\/drive.google.com\/file\/d\/1d_4YL4Tc-uYe87XVphDD8DuiLAPuVLfM\/view?usp=sharing\"> AQU\u00cd<\/a> una muestra de nuestro \u00faltimo encuentro.<\/p>\n\n\n\n<p><\/p>\n","protected":false},"excerpt":{"rendered":"<p>18 de agosto de 2025 27 de agosto de 2025 Los y las estudiantes de 4\u00ba2\u00aa del Profesorado de Educaci\u00f3n Primaria asistieron al Congreso de Educaci\u00f3n de Almirante Brown y participaron de la la conferencia de la Dra. Dora Barrancos en el marco de la c\u00e1tedra PEDAGOGIA CRITICA DE LAS DIFERENCIAS con la Prof. Parody. &#8230; <a title=\"NOVEDADES\" class=\"read-more\" href=\"https:\/\/isfd11-bue.infd.edu.ar\/sitio\/novedades\/\" aria-label=\"More on NOVEDADES\">[+]<\/a><\/p>\n","protected":false},"author":5369,"featured_media":0,"parent":0,"menu_order":0,"comment_status":"closed","ping_status":"closed","template":"","meta":[],"acf":[],"_links":{"self":[{"href":"https:\/\/isfd11-bue.infd.edu.ar\/sitio\/wp-json\/wp\/v2\/pages\/5517"}],"collection":[{"href":"https:\/\/isfd11-bue.infd.edu.ar\/sitio\/wp-json\/wp\/v2\/pages"}],"about":[{"href":"https:\/\/isfd11-bue.infd.edu.ar\/sitio\/wp-json\/wp\/v2\/types\/page"}],"author":[{"embeddable":true,"href":"https:\/\/isfd11-bue.infd.edu.ar\/sitio\/wp-json\/wp\/v2\/users\/5369"}],"replies":[{"embeddable":true,"href":"https:\/\/isfd11-bue.infd.edu.ar\/sitio\/wp-json\/wp\/v2\/comments?post=5517"}],"version-history":[{"count":16,"href":"https:\/\/isfd11-bue.infd.edu.ar\/sitio\/wp-json\/wp\/v2\/pages\/5517\/revisions"}],"predecessor-version":[{"id":5925,"href":"https:\/\/isfd11-bue.infd.edu.ar\/sitio\/wp-json\/wp\/v2\/pages\/5517\/revisions\/5925"}],"wp:attachment":[{"href":"https:\/\/isfd11-bue.infd.edu.ar\/sitio\/wp-json\/wp\/v2\/media?parent=5517"}],"curies":[{"name":"wp","href":"https:\/\/api.w.org\/{rel}","templated":true}]}}